[INFO] fetching crate exonum-time 1.0.0...
[INFO] checking exonum-time-1.0.0 against master#af3c6e733a40e671550e0f0f5aeecaa13772ba56 for pr-74989
[INFO] extracting crate exonum-time 1.0.0 into /workspace/builds/worker-5/source
[INFO] validating manifest of crates.io crate exonum-time 1.0.0 on toolchain af3c6e733a40e671550e0f0f5aeecaa13772ba56
[INFO] running `Command { std: "/workspace/cargo-home/bin/cargo" "+af3c6e733a40e671550e0f0f5aeecaa13772ba56" "read-manifest" "--manifest-path" "Cargo.toml", kill_on_drop: false }`
[INFO] started tweaking crates.io crate exonum-time 1.0.0
[INFO] finished tweaking crates.io crate exonum-time 1.0.0
[INFO] tweaked toml for crates.io crate exonum-time 1.0.0 written to /workspace/builds/worker-5/source/Cargo.toml
[INFO] crate crates.io crate exonum-time 1.0.0 already has a lockfile, it will not be regenerated
[INFO] running `Command { std: "/workspace/cargo-home/bin/cargo" "+af3c6e733a40e671550e0f0f5aeecaa13772ba56" "fetch" "--locked" "--manifest-path" "Cargo.toml", kill_on_drop: false }`
[INFO] [stderr]     Blocking waiting for file lock on package cache
[INFO] [stderr]     Blocking waiting for file lock on package cache
[INFO] running `Command { std: "docker" "create" "-v" "/var/lib/crater-agent-workspace/builds/worker-5/target:/opt/rustwide/target:rw,Z" "-v" "/var/lib/crater-agent-workspace/builds/worker-5/source:/opt/rustwide/workdir:ro,Z" "-v" "/var/lib/crater-agent-workspace/cargo-home:/opt/rustwide/cargo-home:ro,Z" "-v" "/var/lib/crater-agent-workspace/rustup-home:/opt/rustwide/rustup-home:ro,Z" "-e" "SOURCE_DIR=/opt/rustwide/workdir" "-e" "CARGO_TARGET_DIR=/opt/rustwide/target" "-e" "CARGO_HOME=/opt/rustwide/cargo-home" "-e" "RUSTUP_HOME=/opt/rustwide/rustup-home" "-w" "/opt/rustwide/workdir" "-m" "1610612736" "--user" "0:0" "--network" "none" "rustops/crates-build-env@sha256:d92eaeed33fa75130ca1ee6c8a01d1ffb62bac859dfdfb3450e3e5d1c0146529" "/opt/rustwide/cargo-home/bin/cargo" "+af3c6e733a40e671550e0f0f5aeecaa13772ba56" "metadata" "--no-deps" "--format-version=1", kill_on_drop: false }`
[INFO] [stdout] f78606f134ab2def8c506c9e03ca9cac6c98fb008c2e50d402973698266edf61
[INFO] [stderr] WARNING: Your kernel does not support swap limit capabilities or the cgroup is not mounted. Memory limited without swap.
[INFO] running `Command { std: "docker" "start" "-a" "f78606f134ab2def8c506c9e03ca9cac6c98fb008c2e50d402973698266edf61", kill_on_drop: false }`
[INFO] running `Command { std: "docker" "inspect" "f78606f134ab2def8c506c9e03ca9cac6c98fb008c2e50d402973698266edf61", kill_on_drop: false }`
[INFO] running `Command { std: "docker" "rm" "-f" "f78606f134ab2def8c506c9e03ca9cac6c98fb008c2e50d402973698266edf61", kill_on_drop: false }`
[INFO] [stdout] f78606f134ab2def8c506c9e03ca9cac6c98fb008c2e50d402973698266edf61
[INFO] running `Command { std: "docker" "create" "-v" "/var/lib/crater-agent-workspace/builds/worker-5/target:/opt/rustwide/target:rw,Z" "-v" "/var/lib/crater-agent-workspace/builds/worker-5/source:/opt/rustwide/workdir:ro,Z" "-v" "/var/lib/crater-agent-workspace/cargo-home:/opt/rustwide/cargo-home:ro,Z" "-v" "/var/lib/crater-agent-workspace/rustup-home:/opt/rustwide/rustup-home:ro,Z" "-e" "SOURCE_DIR=/opt/rustwide/workdir" "-e" "CARGO_TARGET_DIR=/opt/rustwide/target" "-e" "CARGO_INCREMENTAL=0" "-e" "RUST_BACKTRACE=full" "-e" "RUSTFLAGS=--cap-lints=forbid" "-e" "CARGO_HOME=/opt/rustwide/cargo-home" "-e" "RUSTUP_HOME=/opt/rustwide/rustup-home" "-w" "/opt/rustwide/workdir" "-m" "1610612736" "--user" "0:0" "--network" "none" "rustops/crates-build-env@sha256:d92eaeed33fa75130ca1ee6c8a01d1ffb62bac859dfdfb3450e3e5d1c0146529" "/opt/rustwide/cargo-home/bin/cargo" "+af3c6e733a40e671550e0f0f5aeecaa13772ba56" "check" "--frozen" "--all" "--all-targets" "--message-format=json", kill_on_drop: false }`
[INFO] [stderr] WARNING: Your kernel does not support swap limit capabilities or the cgroup is not mounted. Memory limited without swap.
[INFO] [stdout] e2d64fd2b262b1a8c9cc4071f464565ab6d1dad2053f175d02e0a53625322042
[INFO] running `Command { std: "docker" "start" "-a" "e2d64fd2b262b1a8c9cc4071f464565ab6d1dad2053f175d02e0a53625322042", kill_on_drop: false }`
[INFO] [stderr]    Compiling libc v0.2.68
[INFO] [stderr]    Compiling unicode-xid v0.2.0
[INFO] [stderr]    Compiling syn v1.0.17
[INFO] [stderr]    Compiling log v0.4.8
[INFO] [stderr]    Compiling serde v1.0.105
[INFO] [stderr]    Compiling autocfg v1.0.0
[INFO] [stderr]    Compiling memchr v2.3.3
[INFO] [stderr]     Checking bytes v0.5.4
[INFO] [stderr]     Checking futures-core v0.3.4
[INFO] [stderr]     Checking futures-sink v0.3.4
[INFO] [stderr]    Compiling protobuf v2.12.0
[INFO] [stderr]    Compiling ppv-lite86 v0.2.6
[INFO] [stderr]    Compiling version_check v0.9.1
[INFO] [stderr]    Compiling remove_dir_all v0.5.2
[INFO] [stderr]     Checking fnv v1.0.6
[INFO] [stderr]    Compiling proc-macro-hack v0.5.15
[INFO] [stderr]     Checking smallvec v1.2.0
[INFO] [stderr]     Checking pin-project-lite v0.1.4
[INFO] [stderr]     Checking itoa v0.4.5
[INFO] [stderr]    Compiling pkg-config v0.3.17
[INFO] [stderr]    Compiling failure_derive v0.1.7
[INFO] [stderr]     Checking percent-encoding v2.1.0
[INFO] [stderr]     Checking copyless v0.1.4
[INFO] [stderr]    Compiling adler32 v1.0.4
[INFO] [stderr]    Compiling glob v0.3.0
[INFO] [stderr]     Checking regex-syntax v0.6.17
[INFO] [stderr]    Compiling podio v0.1.6
[INFO] [stderr]     Checking match_cfg v0.1.0
[INFO] [stderr]    Compiling ident_case v1.0.1
[INFO] [stderr]    Compiling strsim v0.9.3
[INFO] [stderr]    Compiling lazy_static v1.4.0
[INFO] [stderr]    Compiling unicode-width v0.1.7
[INFO] [stderr]    Compiling quick-error v1.2.3
[INFO] [stderr]    Compiling anyhow v1.0.28
[INFO] [stderr]    Compiling ansi_term v0.11.0
[INFO] [stderr]    Compiling bindgen v0.53.2
[INFO] [stderr]    Compiling strsim v0.8.0
[INFO] [stderr]    Compiling termcolor v1.1.0
[INFO] [stderr]    Compiling vec_map v0.8.1
[INFO] [stderr]    Compiling rustc-hash v1.1.0
[INFO] [stderr]    Compiling lazycell v1.2.1
[INFO] [stderr]    Compiling shlex v0.1.1
[INFO] [stderr]    Compiling peeking_take_while v0.1.2
[INFO] [stderr]    Compiling arrayvec v0.4.12
[INFO] [stderr]     Checking sha1 v0.6.0
[INFO] [stderr]    Compiling unicode-xid v0.0.4
[INFO] [stderr]     Checking bit-vec v0.6.1
[INFO] [stderr]    Compiling quote v0.3.15
[INFO] [stderr]    Compiling openssl v0.10.28
[INFO] [stderr]     Checking openssl-probe v0.1.2
[INFO] [stderr]     Checking try-lock v0.2.2
[INFO] [stderr]     Checking tower-service v0.3.0
[INFO] [stderr]     Checking subtle v2.2.2
[INFO] [stderr]     Checking zeroize v1.1.0
[INFO] [stderr]     Checking difference v2.0.0
[INFO] [stderr]    Compiling getrandom v0.1.14
[INFO] [stderr]     Checking thread_local v1.0.1
[INFO] [stderr]     Checking futures-channel v0.3.4
[INFO] [stderr]     Checking lock_api v0.3.3
[INFO] [stderr]     Checking unicode-normalization v0.1.12
[INFO] [stderr]    Compiling miniz_oxide v0.3.6
[INFO] [stderr]     Checking http v0.2.1
[INFO] [stderr]     Checking bytestring v0.1.5
[INFO] [stderr]     Checking lru-cache v0.1.2
[INFO] [stderr]    Compiling num-traits v0.2.11
[INFO] [stderr]    Compiling num-integer v0.1.42
[INFO] [stderr]    Compiling indexmap v1.3.2
[INFO] [stderr]    Compiling crossbeam-utils v0.7.2
[INFO] [stderr]    Compiling memoffset v0.5.4
[INFO] [stderr]    Compiling crossbeam-epoch v0.8.2
[INFO] [stderr]    Compiling humantime v1.3.0
[INFO] [stderr]    Compiling textwrap v0.11.0
[INFO] [stderr]    Compiling nom v5.1.1
[INFO] [stderr]    Compiling proc-macro-error-attr v0.4.12
[INFO] [stderr]    Compiling proc-macro-error v0.4.12
[INFO] [stderr]    Compiling unicase v2.6.0
[INFO] [stderr]    Compiling synom v0.11.3
[INFO] [stderr]    Compiling proc-macro2 v1.0.10
[INFO] [stderr]    Compiling bitflags v1.2.1
[INFO] [stderr]     Checking pretty_assertions v0.6.1
[INFO] [stderr]    Compiling clang-sys v0.29.2
[INFO] [stderr]     Checking encoding_rs v0.8.22
[INFO] [stderr]    Compiling syn v0.11.11
[INFO] [stderr]     Checking fxhash v0.2.1
[INFO] [stderr]     Checking want v0.3.0
[INFO] [stderr]    Compiling protoc v2.12.0
[INFO] [stderr]     Checking idna v0.2.0
[INFO] [stderr]     Checking aho-corasick v0.7.10
[INFO] [stderr]    Compiling quote v1.0.3
[INFO] [stderr]     Checking num_cpus v1.12.0
[INFO] [stderr]     Checking iovec v0.1.4
[INFO] [stderr]     Checking net2 v0.2.33
[INFO] [stderr]     Checking signal-hook-registry v1.2.0
[INFO] [stderr]     Checking time v0.1.42
[INFO] [stderr]     Checking parking_lot_core v0.7.0
[INFO] [stderr]     Checking socket2 v0.3.11
[INFO] [stderr]     Checking hostname v0.3.1
[INFO] [stderr]     Checking flate2 v1.0.14
[INFO] [stderr]     Checking atty v0.2.14
[INFO] [stderr]     Checking rpassword v4.0.5
[INFO] [stderr]    Compiling jobserver v0.1.21
[INFO] [stderr]    Compiling filetime v0.2.8
[INFO] [stderr]    Compiling xattr v0.2.2
[INFO] [stderr]    Compiling which v3.1.1
[INFO] [stderr]     Checking blake2-rfc v0.2.18
[INFO] [stderr]     Checking url v2.1.1
[INFO] [stderr]     Checking threadpool v1.7.1
[INFO] [stderr]     Checking crossbeam-channel v0.4.2
[INFO] [stderr]     Checking crossbeam-queue v0.2.1
[INFO] [stderr]    Compiling mime_guess v2.0.3
[INFO] [stderr]     Checking rand_core v0.5.1
[INFO] [stderr]     Checking regex v1.3.6
[INFO] [stderr]     Checking mio v0.6.21
[INFO] [stderr]     Checking resolv-conf v0.6.3
[INFO] [stderr]     Checking clap v2.33.0
[INFO] [stderr]     Checking parking_lot v0.10.0
[INFO] [stderr]     Checking http-body v0.3.1
[INFO] [stderr]    Compiling tar v0.4.26
[INFO] [stderr]    Compiling cc v1.0.50
[INFO] [stderr]    Compiling num-traits v0.1.43
[INFO] [stderr]     Checking rand_chacha v0.2.2
[INFO] [stderr]     Checking crossbeam-deque v0.7.3
[INFO] [stderr]     Checking rand v0.7.3
[INFO] [stderr]     Checking mio-uds v0.6.7
[INFO] [stderr]     Checking crossbeam v0.7.3
[INFO] [stderr]    Compiling enum-primitive-derive v0.1.2
[INFO] [stderr]     Checking env_logger v0.7.1
[INFO] [stderr]    Compiling cexpr v0.4.0
[INFO] [stderr]    Compiling bzip2-sys v0.1.8+1.0.8
[INFO] [stderr]    Compiling backtrace-sys v0.1.35
[INFO] [stderr]    Compiling libloading v0.5.2
[INFO] [stderr]    Compiling brotli-sys v0.3.2
[INFO] [stderr]    Compiling clear_on_drop v0.2.3
[INFO] [stderr]    Compiling openssl-sys v0.9.54
[INFO] [stderr]     Checking uuid v0.8.1
[INFO] [stderr]     Checking tempfile v3.1.0
[INFO] [stderr]    Compiling native-tls v0.2.4
[INFO] [stderr]     Checking secret-tree v0.2.0
[INFO] [stderr]    Compiling bzip2 v0.3.3
[INFO] [stderr]     Checking backtrace v0.3.46
[INFO] [stderr]    Compiling zip v0.5.5
[INFO] [stderr]     Checking brotli2 v0.3.2
[INFO] [stderr]    Compiling exonum_libsodium-sys v0.0.23
[INFO] [stderr]    Compiling synstructure v0.12.3
[INFO] [stderr]    Compiling darling_core v0.10.2
[INFO] [stderr]    Compiling syn-mid v0.5.0
[INFO] [stderr]    Compiling serde_derive v1.0.105
[INFO] [stderr]    Compiling futures-macro v0.3.4
[INFO] [stderr]    Compiling tokio-macros v0.2.5
[INFO] [stderr]    Compiling pin-project-internal v0.4.8
[INFO] [stderr]    Compiling derive_more v0.99.5
[INFO] [stderr]    Compiling actix-macros v0.1.1
[INFO] [stderr]    Compiling enum-as-inner v0.3.2
[INFO] [stderr]    Compiling async-trait v0.1.27
[INFO] [stderr]    Compiling thiserror-impl v1.0.14
[INFO] [stderr]    Compiling actix-web-codegen v0.2.1
[INFO] [stderr]    Compiling ctor v0.1.13
[INFO] [stderr]    Compiling actix_derive v0.5.0
[INFO] [stderr]     Checking tokio v0.2.13
[INFO] [stderr]     Checking failure v0.1.7
[INFO] [stderr]    Compiling structopt-derive v0.4.5
[INFO] [stderr]     Checking futures-util v0.3.4
[INFO] [stderr]     Checking thiserror v1.0.14
[INFO] [stderr]    Compiling darling_macro v0.10.2
[INFO] [stderr]    Compiling librocksdb-sys v6.6.4
[INFO] [stderr]     Checking pin-project v0.4.8
[INFO] [stderr]     Checking futures-executor v0.3.4
[INFO] [stderr]     Checking actix-service v1.0.5
[INFO] [stderr]     Checking futures v0.3.4
[INFO] [stderr]     Checking structopt v0.3.12
[INFO] [stderr]     Checking tokio-util v0.2.0
[INFO] [stderr]     Checking tokio-util v0.3.1
[INFO] [stderr]     Checking trust-dns-proto v0.18.0-alpha.2
[INFO] [stderr]     Checking futures-retry v0.5.0
[INFO] [stderr]     Checking tokio-tls v0.3.0
[INFO] [stderr]    Compiling darling v0.10.2
[INFO] [stderr]     Checking actix-codec v0.2.0
[INFO] [stderr]     Checking h2 v0.2.4
[INFO] [stderr]     Checking actix-threadpool v0.3.1
[INFO] [stderr]     Checking actix-rt v1.0.0
[INFO] [stderr]     Checking actix-utils v1.0.6
[INFO] [stderr]     Checking actix-server v1.0.2
[INFO] [stderr]     Checking actix-tls v1.0.0
[INFO] [stderr]     Checking actix-testing v1.0.0
[INFO] [stderr]     Checking trust-dns-resolver v0.18.0-alpha.2
[INFO] [stderr]     Checking hyper v0.13.4
[INFO] [stderr]     Checking actix-connect v1.0.2
[INFO] [stderr] error: could not compile `serde`.
[INFO] [stderr] 
[INFO] [stderr] Caused by:
[INFO] [stderr]   process didn't exit successfully: `rustc --crate-name serde /opt/rustwide/cargo-home/registry/src/github.com-1ecc6299db9ec823/serde-1.0.105/src/lib.rs --error-format=json --json=diagnostic-rendered-ansi,artifacts --crate-type lib --emit=dep-info,metadata,link -C embed-bitcode=no -C debuginfo=2 --cfg 'feature="default"' --cfg 'feature="derive"' --cfg 'feature="serde_derive"' --cfg 'feature="std"' -C metadata=4ba09edf0075787e -C extra-filename=-4ba09edf0075787e --out-dir /opt/rustwide/target/debug/deps -L dependency=/opt/rustwide/target/debug/deps --extern serde_derive=/opt/rustwide/target/debug/deps/libserde_derive-8b68a52458e20541.so --cap-lints allow --cap-lints=forbid --cfg ops_bound --cfg core_reverse --cfg de_boxed_c_str --cfg de_boxed_path --cfg de_rc_dst --cfg core_duration --cfg integer128 --cfg range_inclusive --cfg num_nonzero --cfg core_try_from --cfg num_nonzero_signed --cfg std_atomic64 --cfg std_atomic` (signal: 9, SIGKILL: kill)
[INFO] [stderr] warning: build failed, waiting for other jobs to finish...
[INFO] [stderr] The following warnings were emitted during compilation:
[INFO] [stderr] 
[INFO] [stderr] warning: cargo:warning=c++: fatal error: Killed signal terminated program cc1plus
[INFO] [stderr] warning: compilation terminated.
[INFO] [stderr] warning: compilation terminated.
[INFO] [stderr] warning: c++: fatal error: Killed signal terminated program cc1plus
[INFO] [stderr] warning: compilation terminated.
[INFO] [stderr] warning: c++: fatal error: Killed signal terminated program cc1plus
[INFO] [stderr] warning: compilation terminated.
[INFO] [stderr] warning: c++: fatal error: Killed signal terminated program cc1plus
[INFO] [stderr] warning: compilation terminated.
[INFO] [stderr] warning: c++: fatal error: Killed signal terminated program cc1plus
[INFO] [stderr] warning: compilation terminated.
[INFO] [stderr] warning: c++: fatal error: Killed signal terminated program cc1plus
[INFO] [stderr] warning: compilation terminated.
[INFO] [stderr] warning: c++: fatal error: Killed signal terminated program cc1plus
[INFO] [stderr] warning: compilation terminated.
[INFO] [stderr] warning: c++: fatal error: Killed signal terminated program cc1plus
[INFO] [stderr] warning: compilation terminated.
[INFO] [stderr] 
[INFO] [stderr] error: build failed
[INFO] running `Command { std: "docker" "inspect" "e2d64fd2b262b1a8c9cc4071f464565ab6d1dad2053f175d02e0a53625322042", kill_on_drop: false }`
[INFO] running `Command { std: "docker" "rm" "-f" "e2d64fd2b262b1a8c9cc4071f464565ab6d1dad2053f175d02e0a53625322042", kill_on_drop: false }`
[INFO] [stdout] e2d64fd2b262b1a8c9cc4071f464565ab6d1dad2053f175d02e0a53625322042
